 by 53?
32
Calculate the remainder when 29 is divided by 22.
7
What is the remainder when 7 is divided by 5?
2
Calculate the remainder when 378 is divided by 19.
17
Calculate the remainder when 16072 is divided by 282.
280
Calculate the remainder when 203 is divided by 32.
11
What is the remainder when 2438 is divided by 9?
8
What is the remainder when 174 is divided by 38?
22
Calculate the remainder when 182 is divided by 23.
21
Calculate the remainder when 1569 is divided by 20.
9
Calculate the remainder when 97 is divided by 28.
13
What is the remainder when 224 is divided by 114?
110
Calculate the remainder when 133 is divided by 57.
19
Calculate the remainder when 135 is divided by 118.
17
What is the remainder when 20986 is divided by 22?
20
What is the remainder when 4026 is divided by 1005?
6
Calculate the remainder when 82 is divided by 14.
12
What is the remainder when 23 is divided by 13?
10
Calculate the remainder when 1792 is divided by 194.
46
Calculate the remainder when 741 is divided by 124.
121
Calculate the remainder when 1677 is divided by 12.
9
What is the remainder when 229 is divided by 33?
31
What is the remainder when 231 is divided by 47?
43
Calculate the remainder when 27 is divided by 16.
11
What is the remainder when 611 is divided by 51?
50
Calculate the remainder when 482 is divided by 46.
22
Calculate the remainder when 157 is divided by 35.
17
Calculate the remainder when 250 is divided by 18.
16
What is the remainder when 10286 is divided by 62?
56
What is the remainder when 492 is divided by 95?
17
Calculate the remainder when 5452 is divided by 19.
18
What is the remainder when 730 is divided by 223?
61
Calculate the remainder when 787 is divided by 99.
94
What is the remainder when 598 is divided by 40?
38
What is the remainder when 156 is divided by 16?
12
Calculate the remainder when 73 is divided by 22.
7
Calculate the remainder when 1318 is divided by 40.
38
What is the remainder when 45 is divided by 10?
5
Calculate the remainder when 234 is divided by 40.
34
Calculate the remainder when 6893 is divided by 18.
17
Calculate the remainder when 357 is divided by 266.
91
Calculate the remainder when 14713 is divided by 45.
43
Calculate the remainder when 4135 is divided by 100.
35
What is the remainder when 80 is divided by 17?
12
Calculate the remainder when 123 is divided by 108.
15
What is the remainder when 33 is divided by 30?
3
Calculate the remainder when 314 is divided by 142.
30
Calculate the remainder when 107 is divided by 16.
11
Calculate the remainder when 680 is divided by 22.
20
What is the remainder when 190 is divided by 32?
30
What is the remainder when 475 is divided by 28?
27
Calculate the remainder when 560 is divided by 104.
40
Calculate the remainder when 3416 is divided by 10.
6
Calculate the remainder when 843 is divided by 11.
7
Calculate the remainder when 2349 is divided by 14.
11
What is the remainder when 568 is divided by 65?
48
What is the remainder when 153 is divided by 52?
49
Calculate the remainder when 148 is divided by 33.
16
What is the remainder when 161 is divided by 33?
29
Calculate the remainder when 206 is divided by 26.
24
What is the remainder when 383 is divided by 37?
13
What is the remainder when 57 is divided by 37?
20
Calculate the remainder when 11728 is divided by 14.
10
Calculate the remainder when 62 is divided by 4.
2
Calculate the remainder when 1013 is divided by 73.
64
What is the remainder when 353 is divided by 185?
168
What is the remainder when 3021 is divided by 54?
51
What is the remainder when 647 is divided by 7?
3
What is the remainder when 146 is divided by 49?
48
What is the remainder when 29 is divided by 13?
3
Calculate the remainder when 987 is divided by 16.
11
Calculate the remainder when 1201 is divided by 299.
5
Calculate the remainder when 978 is divided by 49.
47
Calculate the remainder when 51 is divided by 13.
12
What is the remainder when 719 is divided by 77?
26
Calculate the remainder when 5959 is divided by 67.
63
Calculate the remainder when 17 is divided by 10.
7
What is the remainder when 71 is divided by 27?
17
What is the remainder when 384 is divided by 184?
16
What is the remainder when 2923 is divided by 101?
95
What is the remainder when 446 is divided by 191?
64
Calculate the remainder when 269 is divided by 4.
1
What is the remainder when 2651 is divided by 178?
159
What is the remainder when 89 is divided by 20?
9
Calculate the remainder when 410 is divided by 59.
56
Calculate the remainder when 2658 is divided by 84.
54
What is the remainder when 5937 is divided by 44?
41
What is the remainder when 93 is divided by 4?
1
Calculate the remainder when 115 is divided by 18.
7
Calculate the remainder when 635 is divided by 7.
5
What is the remainder when 32 is divided by 9?
5
What is the remainder when 206 is divided by 73?
60
What is the remainder when 8967 is divided by 23?
20
Calculate the remainder when 554 is divided by 409.
145
Calculate the remainder when 222 is divided by 114.
108
Calculate the remainder when 1284 is divided by 23.
19
What is the remainder when 385 is divided by 56?
49
Calculate the remainder when 17 is divided by 13.
4
What is the remainder when 835 is divided by 170?
155
Calculate the remainder when 938 is divided by 314.
310
Calculate the remainder when 772 is divided by 96.
4
Calculate the remainder when 287 is divided by 77.
56
Calculate the remainder when 235 is divided by 220.
15
Calculate the remainder when 348 is divided by 70.
68
What is the remainder when 594 is divided by 100?
94
Calculate the remainder when 2409 is divided by 32.
9
What is the remainder when 2309 is divided by 54?
41
What is the remainder when 478 is divided by 120?
118
What is the remainder when 594 is divided by 71?
26
What is the remainder when 118 is divided by 12?
10
Calculate the remainder when 168 is divided by 63.
42
What is the remainder when 39352 is divided by 21?
19
Calculate the remainder when 3973 is divided by 78.
73
Calculate the remainder when 91 is divided by 46.
45
What is the remainder when 646 is divided by 27?
25
What is the remainder when 2153 is divided by 18?
11
Calculate the remainder when 5913 is divided by 35.
33
Calculate the remainder when 58 is divided by 1.
0
Calculate the remainder when 266 is divided by 50.
16
What is the remainder when 2784 is divided by 199?
197
Calculate the remainder when 21 is divided by 9.
3
Calculate the remainder when 676 is divided by 322.
32
What is the remainder when 139 is divided by 16?
11
What is the remainder when 376 is divided by 24?
16
What is the remainder when 1969 is divided by 27?
25
What is the remainder when 373 is divided by 22?
21
Calculate the remainder when 34 is divided by 10.
4
What is the remainder when 254 is divided by 117?
20
Calculate the remainder when 954 is divided by 55.
19
Calculate the remainder when 2855 is divided by 102.
101
What is the remainder when 4381 is divided by 51?
46
What is the remainder when 109 is divided by 33?
10
What is the remainder when 722 is divided by 91?
85
Calculate the remainder when 332 is divided by 159.
14
Calculate the remainder when 12321 is divided by 101.
100
What is the remainder when 68 is divided by 3?
2
What is the remainder when 78 is divided by 38?
2
What is the remainder when 683 is divided by 16?
11
What is the remainder when 94 is divided by 84?
10
What is the remainder when 34 is divided by 12?
10
Calculate the remainder when 666 is divided by 462.
204
Calculate the remainder when 313 is divided by 54.
43
Calculate the remainder when 128 is divided by 10.
8
Calculate the remainder when 81 is divided by 21.
18
Calculate the remainder when 509 is divided by 27.
23
What is the remainder when 222 is divided by 80?
62
Calculate the remainder when 1876 is divided by 456.
52
What is the remainder when 141 is divided by 37?
30
Calculate the remainder when 43 is divided by 9.
7
Calculate the remainder when 133 is divided by 58.
17
What is the remainder when 4369 is divided by 175?
169
Calculate the remainder when 1184 is divided by 14.
8
What is the remainder when 537 is divided by 15?
12
What is the remainder when 99 is divided by 20?
19
Calculate the remainder when 632 is divided